73 and 58.
29
Calculate the highest common factor of 117 and 13.
13
What is the highest common divisor of 4354 and 14?
14
What is the greatest common factor of 256 and 24?
8
What is the greatest common factor of 629 and 1513?
17
What is the highest common factor of 82 and 369?
41
Calculate the highest common factor of 2560 and 20.
20
Calculate the greatest common divisor of 3232 and 640.
32
What is the greatest common divisor of 12 and 28?
4
What is the greatest common divisor of 8620 and 20?
20
What is the greatest common factor of 96 and 64?
32
What is the greatest common factor of 1288 and 391?
23
What is the highest common factor of 51 and 12?
3
Calculate the highest common divisor of 7 and 9.
1
What is the greatest common divisor of 126 and 14?
14
Calculate the highest common divisor of 84 and 25732.
28
What is the highest common factor of 53 and 1802?
53
What is the highest common divisor of 91 and 2093?
91
Calculate the highest common factor of 222 and 6.
6
What is the highest common factor of 6 and 1266?
6
What is the highest common factor of 609 and 42?
21
Calculate the highest common divisor of 576 and 6080.
64
Calculate the greatest common factor of 32 and 72.
8
What is the greatest common divisor of 2 and 54?
2
Calculate the greatest common divisor of 115 and 2116.
23
What is the greatest common divisor of 136 and 24?
8
What is the greatest common divisor of 263 and 1?
1
Calculate the highest common divisor of 234 and 182.
26
Calculate the greatest common factor of 104 and 148.
4
What is the greatest common divisor of 10379 and 107?
107
What is the greatest common divisor of 1290 and 510?
30
What is the highest common factor of 51 and 2176?
17
Calculate the highest common factor of 9152 and 32.
32
Calculate the greatest common divisor of 247 and 475.
19
What is the highest common divisor of 1 and 37?
1
What is the highest common divisor of 20 and 30?
10
What is the greatest common divisor of 18125 and 145?
145
Calculate the highest common factor of 2 and 4.
2
Calculate the highest common factor of 247 and 65.
13
Calculate the highest common factor of 32 and 4000.
32
What is the highest common divisor of 1504 and 256?
32
Calculate the highest common factor of 1118 and 26.
26
Calculate the greatest common divisor of 17554 and 134.
134
What is the greatest common divisor of 55 and 5?
5
What is the greatest common factor of 4658 and 782?
34
Calculate the highest common factor of 14 and 4634.
14
What is the highest common factor of 24 and 88?
8
What is the highest common factor of 391 and 69?
23
Calculate the greatest common divisor of 105 and 196.
7
Calculate the highest common divisor of 13 and 1781.
13
What is the greatest common factor of 208 and 5296?
16
Calculate the greatest common factor of 640 and 80.
80
What is the greatest common divisor of 48896 and 256?
256
Calculate the highest common factor of 2040 and 2295.
255
Calculate the highest common factor of 120 and 130.
10
Calculate the highest common divisor of 165 and 12045.
165
Calculate the greatest common factor of 660 and 60.
60
Calculate the greatest common factor of 266 and 23541.
133
Calculate the greatest common divisor of 1032 and 96.
24
What is the greatest common divisor of 108 and 768?
12
Calculate the highest common divisor of 228 and 12.
12
Calculate the greatest common divisor of 2788 and 41.
41
Calculate the highest common factor of 9700 and 160.
20
Calculate the highest common divisor of 1462 and 34.
34
Calculate the highest common divisor of 238 and 884.
34
What is the highest common divisor of 24 and 16?
8
Calculate the greatest common factor of 86 and 1462.
86
What is the greatest common divisor of 143 and 110?
11
What is the highest common divisor of 58 and 609?
29
What is the highest common factor of 45 and 375?
15
Calculate the greatest common factor of 1146 and 6.
6
Calculate the greatest common factor of 5 and 6985.
5
What is the greatest common factor of 702 and 18?
18
Calculate the greatest common divisor of 714 and 266.
14
Calculate the highest common factor of 14 and 322.
14
Calculate the greatest common factor of 32 and 1264.
16
What is the highest common divisor of 124 and 93?
31
Calculate the highest common factor of 55 and 143.
11
What is the highest common divisor of 27 and 432?
27
What is the highest common divisor of 165 and 6?
3
Calculate the greatest common factor of 128 and 96.
32
Calculate the greatest common divisor of 1131 and 390.
39
Calculate the greatest common factor of 391 and 68.
17
Calculate the highest common factor of 25 and 675.
25
What is the highest common factor of 506 and 23?
23
Calculate the highest common factor of 128 and 1176.
8
What is the highest common factor of 891 and 33?
33
Calculate the highest common divisor of 4 and 1156.
4
What is the greatest common divisor of 555 and 74?
37
What is the highest common factor of 96 and 912?
48
Calculate the greatest common factor of 160 and 1840.
80
Calculate the greatest common divisor of 153 and 3961.
17
Calculate the highest common divisor of 26323 and 11.
11
What is the highest common divisor of 1001 and 1573?
143
Calculate the highest common factor of 1480 and 259.
37
Calculate the greatest common divisor of 602 and 2064.
86
What is the highest common factor of 76 and 57?
19
Calculate the highest common divisor of 43 and 1849.
43
What is the highest common factor of 270 and 162?
54
What is the highest common factor of 29 and 4031?
29
Calculate the highest common divisor of 32 and 92.
4
What is the greatest common divisor of 9828 and 56?
28
Calculate the greatest common divisor of 190 and 10.
10
Calculate the highest common factor of 633 and 42833.
211
Calculate the greatest common factor of 629 and 74.
37
Calculate the greatest common factor of 38 and 551.
19
Calculate the greatest common factor of 9 and 18747.
9
Calculate the highest common divisor of 1680 and 8.
8
Calculate the greatest common divisor of 325 and 225.
25
What is the greatest common divisor of 36 and 588?
12
What is the highest common factor of 117 and 36?
9
What is the highest common divisor of 4608 and 144?
144
Calculate the highest common factor of 1328 and 166.
166
What is the highest common divisor of 459 and 204?
51
What is the highest common divisor of 12 and 36?
12
Calculate the greatest common divisor of 27 and 25119.
9
What is the greatest common divisor of 126 and 14?
14
Calculate the greatest common divisor of 7998 and 774.
258
What is the greatest common factor of 2544 and 108?
12
Calculate the highest common divisor of 240 and 70.
10
Calculate the highest common divisor of 10 and 26.
2
What is the greatest common divisor of 361 and 38?
19
Calculate the highest common factor of 792 and 1408.
88
What is the highest common factor of 268 and 52260?
268
Calculate the highest common divisor of 12716 and 44.
44
What is the greatest common factor of 174 and 4640?
58
Calculate the greatest common divisor of 64 and 24.
8
Calculate the highest common divisor of 217 and 713.
31
Calculate the greatest common factor of 640 and 1360.
80
Calculate the greatest common factor of 899 and 1829.
31
What is the highest common factor of 732 and 427?
61
What is the highest common divisor of 209 and 285?
19
What is the greatest common divisor of 116 and 58?
58
What is the greatest common divisor of 24 and 1176?
24
What is the greatest common factor of 102 and 153?
51
What is the greatest common divisor of 3961 and 544?
17
Calculate the highest common divisor of 12 and 60.
12
What is the greatest common factor of 85 and 11645?
85
What is the highest common divisor of 546 and 78?
78
Calculate the highest common factor of 17 and 12053.
17
What is the greatest common divisor of 592 and 48?
16
Calculate the greatest common factor of 33 and 363.
33
Calculate the highest common divisor of 9 and 51.
3
What is the greatest common divisor of 232 and 754?
58
What is the greatest common factor of 4741 and 44?
11
What is the greatest common factor of 80 and 7000?
40
What is the highest common divisor of 495 and 27?
9
Calculate the greatest common factor of 74 and 3145.
37
What is the greatest common divisor of 268 and 469?
67
What is the greatest common divisor of 12420 and 36?
36
What is the greatest common factor of 306